 - q**3 + 0*q**3 + 0*q**3. Let x = -53 + 46. Let m be k(x). Let g(a) = -a**3 - 5*a**2 - 5*a - 3. Determine g(m).
1
Let t be 4/10 + 2/(-5). Suppose t = 2*m - 37 + 9. Let c(l) = l + 7 - m + l - l. Determine c(6).
-1
Let n(h) = -h**3 + 23*h**2 + h - 24. Suppose 739*z - 414 = 721*z. Calculate n(z).
-1
Let w(k) = -k - 123 + 123. Suppose -87 = 108*u + 21. Give w(u).
1
Let d(u) = 9*u - 17. Let n = -545 - -548. Give d(n).
10
Let t(d) be the second derivative of 0*d**2 - 13*d - 1/3*d**3 + 2. Determine t(1).
-2
Let m(g) = -g**3 - 9*g**2 - 10*g - 4. Suppose -8*j + 16*j = -56. Give m(j).
-32
Let l be (-1)/((-2)/40*2). Let q(z) be the third derivative of -1/60*z**5 - 3*z**2 + 0 + 5/12*z**4 - 5/3*z**3 + z. Give q(l).
-10
Let t(u) = -u**3 - u**2 + 21*u + 7. Let q be t(-5). Suppose 0 = 2*y - 4*n + 5*n - 7, -2*y - 4*n = q. Let v(k) = 3*k - 13. Determine v(y).
2
Let r(o) = -o + 1. Let i be r(8). Let b(y) = 63*y**3 - 2*y**2 + 6*y - 11. Let n(p) = 16*p**3 + p**2 - 2. Let d(x) = b(x) - 4*n(x). Give d(i).
4
Let a(g) = -g**2 + 8*g + 2. Let b = 55 + -43. Let u be ((-15)/(-5) - b)*-1. Calculate a(u).
-7
Let s = -7 + 11. Let y(b) = -b**2 + b - 1. Let j(n) = -n**2 + 33. Let z(d) = -j(d) - y(d). Let k(a) be the first derivative of z(a). Give k(s).
15
Let p(d) = 238*d + 13. Let h(w) = -69*w - 4. Let k(s) = 7*h(s) + 2*p(s). Suppose 5*b = -40 + 5. Determine k(b).
47
Let d(k) = -12*k - 145. Let w = -17875 - -17864. Calculate d(w).
-13
Suppose -18*n + 28 = -890. Let d = 42 - n. Let z(r) = -3*r - 13. What is z(d)?
14
Let v(p) = -6*p + 37. Let h(l) = -2*l - 1. Let k(u) = -6*h(u) + v(u). Let j be k(-6). Let z(d) = 26*d**2 - 2 - j*d + 3 - 25*d**2. Calculate z(6).
-5
Let q = 118 - 112. Suppose 5*c - 35 = j - q, 5*j + 5*c + 25 = 0. Let t(g) = g - 2. Determine t(j).
-11
Let g(h) = h**3 - 7*h**2 - 228*h - 9. Let p be 3268/171 - -4*6/(-216). Calculate g(p).
-9
Suppose 6*o + 15*o = -28*o - 392. Let y(p) = -p**2 - 9*p - 6. What is y(o)?
2
Suppose -28 = 328*c - 342*c. Let u(r) = -8*r**2 - r. Let g(n) = -n**2. Let p(j) = 6*g(j) - u(j). Give p(c).
10
Suppose 0 = -2*o + 2*j - 18, -4*j + 179 = -5*o + 139. Let s(g) = -g + 5. Let n(d) = d - 6. Let f(r) = 6*n(r) + 7*s(r). Give f(o).
3
Let v(d) = -20*d - 142. Let y(s) = -23*s - 147. Let g(u) = -6*v(u) + 5*y(u). Give g(-26).
-13
Let p(u) = -u**2 + 3*u - 16. Suppose -989*t + 990*t = 0. Calculate p(t).
-16
Let s(p) = -23*p + 511. Let w(g) = -68*g + 1498. Let u(l) = -8*s(l) + 3*w(l). What is u(20)?
6
Let b(c) = 366*c + 114. Let l(w) = 63*w + 1. Let u(x) = 2*b(x) - 12*l(x). What is u(9)?
0
Let k(d) = -12 + 0*d**2 + 6*d + 14*d - 68*d + d**2 + 27*d + 9*d. Let j = 7 - -6. What is k(j)?
1
Let g(d) = d**2 - 12*d + 17. Let k be g(6). Let v be (1/(-2))/(k/(-228)). Let l(p) = -5*p - 8. What is l(v)?
22
Let u(h) = -8*h**2 - 3*h + 9*h**2 + 9 - 9*h + 3*h + 0*h. Let z(a) = -a**3 + 8*a**2 + 8*a + 15. Let s be z(9). What is u(s)?
-9
Let i(f) be the first derivative of f**3/6 - 129*f - 64. Let y(n) be the first derivative of i(n). What is y(4)?
4
Let x(w) = w**3 - 6*w**2 - 12*w - 13. Let g be x(8). Let k(u) = -g - 19*u**2 + 0*u - 1 + u + u**3 - 3 + 6. What is k(19)?
2
Let a(j) = -j**2 + 6*j - 2. Suppose -35*o = 79 + 3141. Let m = 97 + o. What is a(m)?
3
Let m be 1 - -1 - (17 + -12). Let g(h) = 2 - 7 + 1 - 10*h - 2*h**2 + 9*h. What is g(m)?
-19
Let g(q) = 0*q + q**3 + 3*q - 2*q**3 - 3 - 2*q**2. Let a(w) = -w**3 + 5*w**2 + w - 14. Let o be a(3). Suppose 0 = o*c - 9*c - 6. Determine g(c).
-3
Let x(s) = -19*s + 6*s + 42*s - 5*s. Calculate x(-2).
-48
Suppose 2*s = -15*s. Let i(x) = -x**2 + 4*x - 24. Calculate i(s).
-24
Suppose -z - 3*z - 22 = -x, -42 = -3*x + 4*z. Let j(h) = h - 14. Let q be j(x). Let a(k) = -32*k. Let l(s) = -5*s. Let w(n) = a(n) - 6*l(n). Calculate w(q).
8
Suppose -l + 4*u - 676 = -219, 0 = l - 3*u + 453. Let q = l - -439. Let v(z) = 4*z**3 + 4*z**2 - 2*z - 1. Give v(q).
-13
Let b(k) be the first derivative of -1/2*k**2 - 1/4*k**4 + 108 + 0*k - k**3. Let h(m) = -m**2 - 3. Let l be h(0). Give b(l).
3
Let t(p) be the first derivative of p**3 + 66*p**2 - 49*p + 5325. Give t(-44).
-49
Suppose -5*l + 17 + 3 = 0. Let a(r) = r**2 - r - 2. Let f(u) = u**3 - 8*u**2 + 5*u + 3. Let o(y) = -3*a(y) - f(y). Determine o(l).
11
Let p(u) be the third derivative of u**5/60 + 5*u**4/6 - 31*u**3/6 + 8*u**2 - 23*u. Calculate p(-21).
-10
Suppose -2384 = 41*x - 2835. Let y(o) = -27*o + 295. What is y(x)?
-2
Let x(h) be the first derivative of -h**4/12 + 2*h**3/3 + 93*h**2/2 + 24. Let f(y) be the second derivative of x(y). Determine f(6).
-8
Let j(r) = -r**3 + 9*r**2 - 6*r + 8. Suppose -42*k + 67 = -143*k + 875. Give j(k).
24
Suppose 0 = 2*l, 2*l - 205 = -5*k - 5. Let m(h) = -h**3 + 39*h**2 + 41*h - 44. Calculate m(k).
-4
Let h(o) = 4*o. Let p(j) = -5*j + 6. Let z(x) = 3*x - 7. Let y(t) = 6*p(t) + 5*z(t). Let f(r) = -12*h(r) - 3*y(r). Determine f(3).
-12
Let u(w) = 3*w + 4*w - 12*w + 1 + 6*w. Let g be (-1)/3 + (-16)/24. Let v be 1 + g - 6/(-3). Determine u(v).
3
Let z(y) be the second derivative of -y**3/3 + 7*y**2 - 2*y. Suppose 162*x + 238*x - 1946 = 454. Determine z(x).
2
Let t(k) = 573*k - k**3 - 14 - 1110*k - 10*k**2 + 513*k. Calculate t(-6).
-14
Let n(j) be the first derivative of -j**2/2 + 10*j + 98. Suppose -4*b = -2*t - 12, -2*b - 1 = 4*t + 13. Let h be (-1)/(t - (-54)/14). Give n(h).
3
Let o(k) = 183*k + 369. Let c be (-6)/4 + (2077/(-62) - -33). Give o(c).
3
Let j(r) = 16*r + 7. Let q(x) = -84*x - 1172. Let a be q(-14). Determine j(a).
71
Let v(i) = -4 - 679*i - 2 + 678*i - 7. Suppose 2*j - 4*r + 0 + 2 = 0, -4*j + r = 25. Calculate v(j).
-6
Let u(t) be the first derivative of -5*t**2/2 - 14*t + 1352. What is u(-5)?
11
Suppose 2*g - 3*l = -2, 2*g = -l + 6*l + 6. Let m(s) = 6 - 172*s + 348*s - 173*s. Give m(g).
-15
Let y(s) = -s**3 - 21*s**2 + 43*s - 53. Let f be y(-23). Let d(p) = 2*p**3 - p - 5 - f*p**2 - 3*p**3 + 16*p**2. Let o be -1 + (2 - 0 - 1). Calculate d(o).
-5
Let h(i) = 5*i**2 + i + 6. Let y(n) = 7*n**2 + 2*n + 7. Let f(q) = 4*h(q) - 3*y(q). Give f(-5).
-12
Let r(i) be the second derivative of -i**8/6720 + i**6/720 + i**5/60 + 29*i**4/12 - 5*i. Let w(m) be the third derivative of r(m). Let p = -9 + 9. Give w(p).
2
Let i(w) = 2*w**2 - 7 + 2364*w**3 + 2*w**2 + 21*w - 2365*w**3. Suppose -12 = -2*m + f, 6*m - 25 = m + 5*f. Give i(m).
-7
Suppose 0 = -n - 5*a - 1, -a = -2*n - 4*a + 5. Let v(k) = 4*k + 9*k**3 - n + 0*k**2 + 5*k**2 + 2*k - 10*k**3. Determine v(6).
-4
Let m(r) = -9*r. Let t be 28 + -27 - 13*-1. Suppose 4*b - 33 = -5*x, -b + t = 2*x + b. Suppose 0 = -x*g + 112 - 107. Give m(g).
-9
Let m(y) = -y**3 - 7*y**2 - 9*y - 133. Let x be m(-8). Let g(k) = -2*k - 5*k + 0 - 3*k + 2. Give g(x).
-28
Suppose 0 = 13*v - 3*v + 1287 - 1347. Let a(g) = -2 + g**3 + 14*g**2 - 27*g**2 + 7*g**2 + 4*g. What is a(v)?
22
Let f = -373 + 375. Let m be (f/1)/((-3)/(-27)). Let n(c) = c**3 - 19*c**2 + 19*c - 24. Determine n(m).
-6
Let c(j) = -j**3 - 4*j**2 + 4*j + 15. Let f be c(-4). Let s be 951/2536 - (f + (-6)/(-16)). Let h(k) = -4*k**3 - 2*k**2 - k + 2. Determine h(s).
-5
Let m(z) = -z**2 + 2. Let f(g) = -10*g**2 - 2*g + 21. Let i(s) = -f(s) + 7*m(s). Give i(-5).
58
Let k(y) = y**2 - 7*y + 1. Let n(f) = -f**2 + 8*f - 1. Let r(j) = -3*k(j) - 2*n(j). Let p = -163 + 178. Let s be (p/(-6))/((-5)/12). Calculate r(s).
-7
Let n(h) be the second derivative of -h**6/120 - h**5/12 + h**3/2 - 11*h**2 + 90*h. Let y(m) be the first derivative of n(m). Calculate y(-5).
3
Suppose -4*j = 20, -4*d + 5*d + 5*j + 22 = 0. Let l(b) = -3*b**2 + d*b + 4*b**3 - b**3 - 2 - 4*b**3. Let k(a) = -a**2 - 4. Let g be k(0). Give l(g).
2
Let f(w) = 3*w + 2*w + w**2 - 2*w**2 - 4*w. Let g(m) = -3*m**2 - 3*m. Let h(u) = -4*f(u) + g(u). Suppose 140 = 6*r + 11*r + 11*r. Determine h(r).
-10
Let r(f) be the first derivative of f**3 + 9*f**2 + 9*f - 8. Let w be r(-5). Let l(q) = q**2 + 5*q + 4. Give l(w).
10
Let c = 30 - 34. Let v(d) be the third derivative of d**6/120 + d**5/20 - d**4/6 + 5*d**3/6 + 2*d**2 - 3*d. Determine v(c).
5
Let y(i) = 6*i**3 - 5*i**2 - 8*i - 3. Let g = -460 - -455. Let u(z) = z**2 + 2*z + 1. Let n(t) = g*u(t) - y(t). Give n(-1).
6
Let w(x) be the first derivative of x**5/30 - x**4/12 + x**3/6 + 123*x**2/2 + 24. Let z(k) be the second derivative of w(k). Let f = 2 + -1. Calculate z(f).
